et h(y) = -y**3 - 2*y**2 + 42. What are the prime factors of h(b)?
2, 3, 7
Suppose -5*r = -3*r - 4. Let u be 6/(r + (-21)/6). Let o(t) = t**3 + 6*t**2 + 5*t + 3. What are the prime factors of o(u)?
3, 5
What are the prime factors of (-30)/20 - (-1453)/2?
5, 29
Suppose 6 = 4*v - 6*v. List the prime factors of 4*v*(2 + -3).
2, 3
Let n(c) be the first derivative of -5/2*c**2 + 12 + c. List the prime factors of n(-10).
3, 17
Let f = -13 + 15. Suppose f - 27 = -5*y. Suppose -5*c + 8 = -4*n, 6 + 8 = -2*n + y*c. List the prime factors of n.
3
Let h = 1654 - 972. What are the prime factors of h?
2, 11, 31
Let k(l) be the second derivative of -5/2*l**2 - 1/20*l**5 + 2/3*l**3 - 1/12*l**4 + 0 - 4*l. List the prime factors of k(-4).
3
Let a = 684 + -350. List the prime factors of a.
2, 167
Suppose 3*r = i - 210, -3*i + 1 + 622 = -2*r. Let j = 447 - i. List the prime factors of j.
2, 3, 5
Let a be -3 + 2*6 + -3. Suppose -3*p - 6 = 9. What are the prime factors of (-50)/p*a/4?
3, 5
Suppose 0 = 7*z - z - 72. Suppose -8*x = -9*x + z. What are the prime factors of x?
2, 3
Let h be 6 - 7 - (0 - 4). Let z(m) = m**3 - 2*m**2 + 3*m. Let f be z(h). Suppose a + 4*p = 24, 5*p = -5*a + 42 + f. What are the prime factors of a?
2
Suppose 0 = -4*j + 7*x - 8*x + 6761, 5*x = -5*j + 8455. List the prime factors of j.
2, 5, 13
Suppose -4319 = -11*z + 8573. List the prime factors of z.
2, 293
Let k = -700 - -980. List the prime factors of k.
2, 5, 7
List the prime factors of (-35 - -40) + 1*229.
2, 3, 13
Let k = 32 + -12. Let y = 37 - k. Let q = y + 38. What are the prime factors of q?
5, 11
Let x(s) = s**2 - 2*s - 1. Let d(q) = 4*q**2 - 7*q - 2. Let l(j) = 2*d(j) - 7*x(j). What are the prime factors of l(3)?
2, 3
List the prime factors of 1/((5/(-21065))/(-1)).
11, 383
Let i be 3*(-2 - 8/(-12)). Let m(s) = -16*s - 14. List the prime factors of m(i).
2, 5
Suppose -6*i + 7*i = 13. Suppose -4*k + 27 = 2*z - i, 3*k - 2*z - 23 = 0. Suppose -3*d = -8*d - 4*g + 190, 5*g = d - k. What are the prime factors of d?
2, 17
Let x = -8 - -41. Suppose 0 = -0*g - 4*g. Suppose 4*r - 99 = -3*n, r - n + 10 - x = g. What are the prime factors of r?
2, 3
Let n = -62 + 177. Suppose -n = x - 6*x. List the prime factors of x.
23
Suppose 0 = 2*c - 7 - 3. Suppose v + p + 77 = 3*v, 0 = -c*v - 5*p + 200. What are the prime factors of v?
3, 13
Let v(z) = -z**3 + z**2. Let p be v(4). Let o = p - -12. Let l = -12 - o. List the prime factors of l.
2, 3
Suppose 3*p - p = 8, -172 = -4*x + 4*p. What are the prime factors of 3*x/(-6)*-4?
2, 47
Let o be 2/(-9) - (-76)/18. Let a be (-1 - (-3 + 4)) + o. Suppose -4 = -a*x + 10. What are the prime factors of x?
7
Suppose 2*z - 8822 = -4*y, -2723 - 1718 = -2*y + 5*z. List the prime factors of y.
2, 3, 23
List the prime factors of 2*(1143 + 21/(-3)).
2, 71
What are the prime factors of (-111)/(-1)*(45 + -41)?
2, 3, 37
Let i(o) be the third derivative of o**5/30 + 7*o**4/24 - 4*o**3/3 - o**2. Suppose 3*u + 2*u + 30 = 0. What are the prime factors of i(u)?
2, 11
Let v = 10 + -5. Suppose v*o - 57 = -12. Suppose 3*t - 138 = u - o, 5*u + 29 = t. List the prime factors of t.
2, 11
What are the prime factors of ((0 - 12) + 1)/((-45)/1395)?
11, 31
Let u(k) = -k**2 - k - 23. Let v be u(0). Let y = v - -37. What are the prime factors of y?
2, 7
Suppose 5*l + 10 = d - 15, -45 = -5*d + 5*l. Let x(g) be the second derivative of g**5/20 - g**4/3 + g**3/3 - 3*g**2 + 19*g. List the prime factors of x(d).
29
Let t(z) = z**2 + 10*z + 4. Let d(o) = o**3 + 16*o**2 + 16*o + 1. Let n be d(-15). What are the prime factors of t(n)?
2, 3, 5
Suppose 3*x = r + 2260 + 153, 4*x - 3216 = 2*r. Let u = x - 493. List the prime factors of u.
2, 3, 13
Let a(c) = -2 + 8*c + 3*c**2 - 3 - 2*c**2. Suppose 5*m + 21 = -24. List the prime factors of a(m).
2
Let o(w) = w**2 + 7*w - 73. What are the prime factors of o(7)?
5
Suppose 0*y - 2*y + 806 = 5*j, 0 = -5*j + 2*y + 814. List the prime factors of j.
2, 3
Suppose -3*u + 4*y = -10, -3*u = -4*u + 3*y + 5. Suppose -u*p + 4 - 50 = 0. Let t = -7 - p. What are the prime factors of t?
2
Let y(t) = 7*t**2 + 12*t + 8. Let f be y(-8). Suppose -2*q = -7*q + f. Suppose -4*v = -0*v - q. What are the prime factors of v?
2, 3
Let c = 35 - 17. Suppose -c*p + 75 = -17*p. List the prime factors of p.
3, 5
List the prime factors of (28396/12 - 6) + 2/3.
3, 787
Let i(j) = 49*j + 8. Let m(f) = -48*f - 8. Let b(z) = -2*i(z) - 3*m(z). List the prime factors of b(2).
2, 5
Suppose -2640 = -0*f - 8*f. What are the prime factors of f?
2, 3, 5, 11
What are the prime factors of (-2 - (-148)/(-5))*(-12 + 7)?
2, 79
Suppose 20*x - 53 = 6527. What are the prime factors of x?
7, 47
Suppose 8 = -3*s + 7*s. Let z be (s/(-6))/((-13)/(-39)). List the prime factors of 3*z - (4 - 27).
2, 5
Let c be (4/10)/((-3)/(-30)). Suppose 42 = 4*w + 2*k + 3*k, -c*k = w - 16. Suppose 4*j - w*j + 124 = 0. What are the prime factors of j?
31
Suppose 735 = 8*b - 3681. What are the prime factors of b?
2, 3, 23
Let x(t) = 2*t**3 - t**2 + 3*t - 5. Suppose -s + 4 = -0*s. Suppose 3*b - 6*b = -3*r + 9, 3*b + s = 2*r. What are the prime factors of x(b)?
13
Let x be -2 + 2 + -2 - -23. Let f be (-3 + 21/6)/(5/10). Let h = x + f. What are the prime factors of h?
2, 11
List the prime factors of (-10031)/(-315)*5 + 4/(-18).
3, 53
Let l = 44 + 266. List the prime factors of l.
2, 5, 31
Let r = -37 + 56. Suppose 4*h - r = 1. List the prime factors of 3/(11/h - 2).
3, 5
Let x be (-2)/15 + 128/60. Let m(j) = -j**2 + 5 - 3*j + 4*j**2 + x*j - 1. What are the prime factors of m(4)?
2, 3
Let i = -3999 + 7320. What are the prime factors of i?
3, 41
Suppose 0 = 13*q - 2188 - 10695. What are the prime factors of q?
991
Suppose -5*j - 1 = 4. Let d be (-3 - 21/j) + -2. Suppose -u + 2*u - d = 0. What are the prime factors of u?
2
Suppose 10 = -7*d + 9*d. Suppose -3*f + 4 = d*p, 4*f + 9 = 1. Suppose -g + 45 = -3*t + t, -98 = -2*g + p*t. What are the prime factors of g?
53
Let a be (-2)/(-3) - (-3004)/12. Suppose 3*m - 79 = a. What are the prime factors of m?
2, 5, 11
Let n = 870 - 391. List the prime factors of n.
479
Let c(h) = 16*h - 2. Suppose 3*f - 4 = 2*a + 8*f, 4*a - 2 = -5*f. Let i be c(a). Let t = -28 + i. What are the prime factors of t?
2, 3
Let q be (3 + (-40)/12)*-129. Let i be ((-1)/(-3))/(9/(-27)). What are the prime factors of i/(-2)*0 + q?
43
Suppose -9642 - 41646 = -24*a. List the prime factors of a.
2137
Suppose 21*o - 39814 = -13*o. List the prime factors of o.
1171
What are the prime factors of 3/((-3)/20*5/(-32))?
2
Suppose 4*t = -2*t + 978. Let a = -97 + t. List the prime factors of a.
2, 3, 11
Let p(f) = -f**2 - 7*f - 2. Let i be p(-7). Let r be (-2)/(6/3)*i. Suppose r*z - 36 = -0*z. What are the prime factors of z?
2, 3
Let v(c) = -20*c + 1. Let k be v(-1). Let j = 35 - k. What are the prime factors of 104/j + (-3)/7?
7
Suppose -6 = 2*v + 4. Let a(p) = p**2 + 6*p + 7. Let y be a(v). Suppose 62 = y*q + 2*w, 6*q - 3*q = -2*w + 96. List the prime factors of q.
2, 17
Let d = 263 + -7. What are the prime factors of d?
2
Let i(o) = 3*o**3 + 3*o**2 + 25*o + 21. Let g(a) = -8*a**3 - 10*a**2 - 74*a - 62. Let n(s) = -4*g(s) - 11*i(s). List the prime factors of n(7).
2, 41
Let c(l) = -3*l - 6. Suppose 84 = -0*w - 2*w + 2*j, 3*j - 210 = 5*w. Let n be 26/(-143) - w/(-11). List the prime factors of c(n).
2, 3
Let z be -4 - 12/9*-3. Suppose -3*q + z*q = 3*l + 9, -10 = 2*q. Suppose -3*p - 107 = -5*n, 0*n + l*p = n - 27. List the prime factors of n.
19
Let f be 0/(-10) + (0 - 16). Let h = f - -69. Let s = h + -33. What are the prime factors of s?
2, 5
Let j(u) = 15*u + 6. Let b(m) = m - 1. Let c(n) = 4*b(n) - j(n). Let o be c(-4). Suppose 3*p - o = -2*t - 0*t, -p = 4*t - 78. What are the prime factors of t?
2, 5
Suppose 0 = -19*l - 12285 + 73275. List the prime factors of l.
2, 3, 5, 107
Let g = -4015 + 6381. What are the prime factors of g?
2, 7, 13
Let g be 342/(-15) + 8/10. Let q(f) = -6*f - 75. What are the prime factors of q(g)?
3, 19
Suppose 2*v = -734 - 4. Let t = 612 + v. List the prime factors of t.
3
Let p = 161 + 11. List the prime factors of p.
2, 43
Suppose 325 + 95 = 4*k. Let h = k - 62. List the prime factors of h.
43
Suppose -4*b + 3 + 17 = 0, 2*b = 4*n - 10. List the prime factors of n.
5
Let j be 12/7*(-168)/